d by 82?
50
Calculate the remainder when 145947 is divided by 145939.
8
What is the remainder when 1341299 is divided by 298?
1
Calculate the remainder when 491647 is divided by 680.
7
What is the remainder when 18693206 is divided by 3738634?
36
Calculate the remainder when 10144 is divided by 12.
4
Calculate the remainder when 119758 is divided by 4277.
2
What is the remainder when 6573496 is divided by 21?
13
What is the remainder when 15711 is divided by 35?
31
Calculate the remainder when 10927 is divided by 20.
7
Calculate the remainder when 40049702 is divided by 159.
146
Calculate the remainder when 211683346 is divided by 4320068.
14
What is the remainder when 1527792 is divided by 18?
6
Calculate the remainder when 3576859 is divided by 24499.
5
Calculate the remainder when 4673354 is divided by 4.
2
Calculate the remainder when 46331 is divided by 5147.
8
Calculate the remainder when 65984 is divided by 489.
458
Calculate the remainder when 6752655 is divided by 6111.
0
What is the remainder when 5430 is divided by 2494?
442
What is the remainder when 210495 is divided by 537?
528
Calculate the remainder when 56267 is divided by 9355.
137
Calculate the remainder when 173940 is divided by 4143.
4077
Calculate the remainder when 27625 is divided by 587.
36
What is the remainder when 180444 is divided by 10018?
120
Calculate the remainder when 198638 is divided by 64.
46
Calculate the remainder when 8613526 is divided by 52.
38
Calculate the remainder when 14808935 is divided by 7404436.
63
What is the remainder when 955747 is divided by 1491?
16
Calculate the remainder when 226286 is divided by 948.
662
What is the remainder when 520107 is divided by 9997?
263
What is the remainder when 313467 is divided by 552?
483
Calculate the remainder when 14042318 is divided by 764.
762
What is the remainder when 157894 is divided by 102?
100
What is the remainder when 6669955 is divided by 8075?
5
Calculate the remainder when 1719854 is divided by 859925.
4
What is the remainder when 254243 is divided by 27464?
7067
Calculate the remainder when 74992 is divided by 74376.
616
Calculate the remainder when 12605999 is divided by 216.
23
What is the remainder when 24293078 is divided by 12146506?
66
What is the remainder when 1678083 is divided by 192?
3
Calculate the remainder when 493156 is divided by 33.
4
Calculate the remainder when 502936 is divided by 55858.
214
What is the remainder when 253638 is divided by 18033?
1176
Calculate the remainder when 317126483 is divided by 87.
86
Calculate the remainder when 143077813 is divided by 518.
515
Calculate the remainder when 3319786 is divided by 3726.
3646
What is the remainder when 786056 is divided by 48?
8
Calculate the remainder when 1561941 is divided by 211.
119
What is the remainder when 52304 is divided by 2686?
1270
What is the remainder when 21298712 is divided by 3187?
3178
Calculate the remainder when 131605 is divided by 803.
716
Calculate the remainder when 5437184 is divided by 334.
332
Calculate the remainder when 54803 is divided by 645.
623
What is the remainder when 30417676 is divided by 421?
5
Calculate the remainder when 205279 is divided by 481.
373
Calculate the remainder when 36236298 is divided by 56355.
33
What is the remainder when 19151613 is divided by 264?
261
Calculate the remainder when 5115122 is divided by 32.
18
Calculate the remainder when 8008094 is divided by 358.
350
Calculate the remainder when 1373350 is divided by 686457.
436
Calculate the remainder when 361691 is divided by 158.
29
Calculate the remainder when 1247357 is divided by 1247249.
108
What is the remainder when 324166 is divided by 3287?
2040
Calculate the remainder when 690901 is divided by 245.
1
What is the remainder when 600636 is divided by 274?
28
Calculate the remainder when 16284138 is divided by 508879.
10
Calculate the remainder when 125363 is divided by 36.
11
Calculate the remainder when 671110607 is divided by 6132.
6131
What is the remainder when 40237530 is divided by 20118759?
12
Calculate the remainder when 15790 is divided by 14043.
1747
What is the remainder when 86726 is divided by 12358?
220
What is the remainder when 48768372 is divided by 168?
156
Calculate the remainder when 1532367 is divided by 3606.
3423
What is the remainder when 979978 is divided by 27998?
48
Calculate the remainder when 196564 is divided by 9357.
67
Calculate the remainder when 5715224 is divided by 34.
28
What is the remainder when 51300472 is divided by 1615?
1612
Calculate the remainder when 17938695 is divided by 410.
375
What is the remainder when 50008498 is divided by 28?
22
Calculate the remainder when 14601855 is divided by 1614.
1611
Calculate the remainder when 599304 is divided by 634.
174
What is the remainder when 2988756 is divided by 1543?
1508
What is the remainder when 39740251 is divided by 76?
3
What is the remainder when 149256 is divided by 148154?
1102
What is the remainder when 6303775 is divided by 30?
25
What is the remainder when 99105963 is divided by 8?
3
What is the remainder when 24520720 is divided by 3587?
3575
What is the remainder when 3161803 is divided by 37?
5
What is the remainder when 13541875 is divided by 483?
4
What is the remainder when 1322424 is divided by 661210?
4
What is the remainder when 102390179 is divided by 278?
277
What is the remainder when 1166500 is divided by 9734?
8154
Calculate the remainder when 40780204 is divided by 574369.
5
What is the remainder when 230233275 is divided by 66?
63
Calculate the remainder when 2661941 is divided by 887303.
32
Calculate the remainder when 368024 is divided by 170.
144
Calculate the remainder when 2746343 is divided by 29.
14
What is the remainder when 868651 is divided by 3?
1
Calculate the remainder when 9531132 is divided by 571.
0
Calculate the remainder when 239914 is divided by 119901.
112
What is the remainder when 3652217 is divided by 12422?
149
What is the remainder when 4976711 is divided by 3076?
2819
What is the remainder when 40222 is divided by 40208?
14
What is the remainder when 217402 is divided by 114?
4
What is the remainder when 35180278 is divided by 346?
36
Calculate the remainder when 20679314 is divided by 3446549.
20
Calculate the remainder when 898397 is divided by 112293.
53
Calculate the remainder when 64723 is divided by 735.
43
Calculate the remainder when 3053241 is divided by 2018.
7
Calculate the remainder when 33220476 is divided by 16829.
30
What is the remainder when 217884 is divided by 72287?
1023
Calculate the remainder when 1439799 is divided by 3364.
7
Calculate the remainder when 54206 is divided by 2490.
1916
Calculate the remainder when 961739 is divided by 1791.
1763
Calculate the remainder when 4146358 is divided by 3502.
3492
Calculate the remainder when 24257442 is divided by 188042.
24
What is the remainder when 2696053 is divided by 168503?
5
What is the remainder when 406547 is divided by 5011?
656
Calculate the remainder when 137413 is divided by 380.
233
Calculate the remainder when 1720406 is divided by 184.
6
What is the remainder when 18280 is divided by 4809?
3853
What is the remainder when 1426576 is divided by 1233?
1228
What is the remainder when 555961 is divided by 1621?
1579
What is the remainder when 90645 is divided by 5332?
1
Calculate the remainder when 116795 is divided by 16674.
77
Calculate the remainder when 137314 is divided by 37.
7
What is the remainder when 14440923 is divided by 60?
3
What is the remainder when 2669434 is divided by 297?
295
Calculate the remainder when 33534 is divided by 815.
119
What is the remainder when 240224 is divided by 60052?
16
Calculate the remainder when 55923527 is divided by 130.
127
What is the remainder when 2430814 is divided by 2683?
16
What is the remainder when 370225 is divided by 445?
430
What is the remainder when 24342 is divided by 2411?
232
Calculate the remainder when 13865382 is divided by 13865373.
9
Calculate the remainder when 5330158 is divided by 32109.
64
Calculate the remainder when 184772 is divided by 895.
402
Calculate the remainder when 92212637 is divided by 5590.
5587
What is the remainder when 1231952 is divided by 686?
582
Calculate the remainder when 1603873 i